ulate the remainder when c is divided by g.
14
Suppose -154*f = -76*f - 69*f - 594. What is the remainder when f is divided by 36?
30
Let j(d) = d**3 + 12*d**2 - 35*d - 243. Suppose 0 = n + 4*n - 30. What is the remainder when j(-13) is divided by (-3)/((-9)/n) - -20?
21
Let f = -8093 - -8104. What is the remainder when 38 is divided by f?
5
Let f(n) = n**3 - 36*n**2 - 10*n + 69. Let x be f(36). Let l = -223 - x. Let o = -12 + 24. What is the remainder when l is divided by o?
8
Let h be (-1)/((-3)/6*2/4). Suppose -3*q + 4*o = -0*q - 295, h*q - 4*o - 396 = 0. Let x = 17 + 0. Calculate the remainder when q is divided by x.
16
Let i(g) = g**3 + 10*g**2 - 25*g + 19. Let j be i(-12). Let d be (-1 - 4)/((-2)/(-4)). Let m = j + d. Calculate the remainder when 83 is divided by m.
20
Suppose 7*j + 2*t - 253 = 4*j, -5*j = -5*t - 380. Suppose -7*n = -j - 178. What is the remainder when 54 is divided by n?
17
Let g = -20 + 30. Let o be (550/77 - 7)*49. Calculate the remainder when 41 is divided by o/1*(g/2 - 4).
6
Suppose 3*p + 5*m = 72 + 1, -2*p + 5*m + 7 = 0. Suppose -2*o = 3*w - 142, 0 = -5*w - 0*w - 4*o + 234. What is the remainder when w is divided by p?
2
Let c = 10374 + -10238. Calculate the remainder when c is divided by 50.
36
Calculate the remainder when 195 is divided by -410*-9*18/405.
31
Let p(n) = -562*n - 7829. Calculate the remainder when 833 is divided by p(-14).
14
Suppose 5*p - 104 = -34. Suppose 4*i - 2264 = 4*w, w = -w - i - 1129. What is the remainder when w/(-10) - 4 - (-2)/4 is divided by p?
11
Suppose 9*f - 170 = 4*f - 5*j, 84 = 3*f - 3*j. What is the remainder when (-4 - 332/(-4)) + (-145)/29 is divided by f?
12
Suppose -4*p + 0*y - 2*y = 6, 20 = 5*p - 3*y. Let f = -81776 - -81857. Calculate the remainder when f is divided by ((-2)/(-2))/(p/21).
18
Let w = -7395 - -7421. What is the remainder when 199 is divided by w?
17
Let s(z) = 18*z - 13. Let k(d) = -2*d + 3*d + 0*d - 16 - 4*d. What is the remainder when k(-18) is divided by s(1)?
3
Let u = 99509 + -99473. Calculate the remainder when 620/14 - 2/7 is divided by u.
8
Suppose 4*p - 24 = -2*t, 291 = -4*p + 263. Calculate the remainder when 111 is divided by t.
7
Let l = -14406 + 14459. Calculate the remainder when (-2 - -1)/((-1)/209) is divided by l.
50
Calculate the remainder when 3089 is divided by 55076/54 + (-210)/(-2835).
29
Let t = -414 + 599. Suppose -4*l + t = n, -3*n - 2 = -17. Let c = -20842 + 20860. What is the remainder when l is divided by c?
9
Let y(d) = -17*d + 9. Suppose -554 = -9*o + 616. Suppose -96*h + 101*h = o. What is the remainder when y(-7) is divided by h?
24
Let g(k) = k**3 - 21*k**2 - 21*k - 523. Calculate the remainder when g(27) is divided by 173.
170
Let q = 2920 + -2897. What is the remainder when 5655 is divided by q?
20
Let v = -1073 - -1123. What is the remainder when 548 is divided by v?
48
Let s(w) = 11*w + 287. Let r(b) = b**2 + 17*b + 102. Let i be r(-11). Calculate the remainder when s(i) is divided by 6.
5
Suppose v - a = 13, -v - 22 = 4*a - 10. Suppose -v*q + 3*q + 490 = 0. Suppose -428 = -6*p - q. Calculate the remainder when p is divided by 19.
17
Let c = -6148 - -6554. Calculate the remainder when c is divided by 400.
6
Suppose 2*w - 4*u - 5 = -3, 3*w + u = 10. Suppose -2*f + 29 = 6*m - m, w*f + 2*m = 16. Calculate the remainder when 37 is divided by (4/(-12))/(f/(-120)).
17
Let p(n) = -n**3 - 11*n**2 + 137*n + 42. What is the remainder when p(-19) is divided by 45?
12
Let r = -4601 - -4631. Calculate the remainder when 5848 is divided by r.
28
Suppose -o - 134 = -5*l, l + 46 = 2*l - 5*o. Calculate the remainder when (-62)/403 - (-3358)/l is divided by 13.
12
Let m = -3 - -124. Suppose -271 = -3*b - 2*q + 82, m = b - q. What is the remainder when b is divided by 24?
23
Let f be 24/(-18)*-1*1968 - 5. Let x = -1788 + f. What is the remainder when x is divided by 13?
12
Let a be (15/45)/(2/102). Suppose -9*y = -521 + a. Suppose y - 8 = k. What is the remainder when 334 is divided by k?
46
Suppose -4*c + 2*d + 462 = 0, -110*d + 114*d - 385 = -3*c. Let v = 72 + -40. Calculate the remainder when c is divided by v.
23
Let q(f) = 13*f + 126. Let k be q(-10). Calculate the remainder when (136/(-12))/(k/222) is divided by 79.
76
Suppose 0*c + 2*c - 15 = -z, c = -3*z + 5. Suppose 4*f + 868 = 4*y, 3*y - 464 - 167 = -2*f. Calculate the remainder when y is divided by c.
5
Suppose -26*w = -34*w + 40. Suppose -12*a + 11*a - w*h = -43, 0 = -2*a - 3*h + 114. What is the remainder when 241 is divided by a?
52
Suppose o - 3*o = -12. Let s = 106 - 19. Let v = s + -82. Calculate the remainder when o is divided by v.
1
Let i = 3018 - 2333. Calculate the remainder when i is divided by 99.
91
Let k(i) = -8*i**3 - 4*i**2 + i + 3. Let z be k(-3). Suppose -12*g + 9*g = -z. Let u = 79 - g. What is the remainder when u is divided by 7?
5
Let x(w) = w**3 + 3*w**2 - 8*w - 6. Let o = -10 + 10. Suppose t - 2*t - 4 = o. What is the remainder when 36 is divided by x(t)?
6
Let l(j) = -56*j - 3. Let n = 239 + -41. Suppose -2*y = 5*h - 5*y - n, y + 164 = 4*h. What is the remainder when l(-3) is divided by h?
39
What is the remainder when 564 + (-28 + -12)/4 is divided by 18?
14
Suppose -103*i = 60*i - 60147. What is the remainder when 375 is divided by i?
6
Let y = 1047 + 1955. Suppose 77*x = 39*x + y. Calculate the remainder when x is divided by 6.
1
Let w be 7/((-21)/6) + 16. Let p(x) = -3*x + 46. Let m be p(w). Calculate the remainder when 71 is divided by -2 - (-158)/m - 1/(-2).
33
Suppose j + 2*j = 117. Let a be (-6)/27 + (-232)/9. What is the remainder when j is divided by 12/a*(-15 - -2)?
3
Suppose -2*n = 2*r - 22, -2*r + 64 = -0*n + 5*n. Suppose -153 = n*g - 23*g. What is the remainder when g is divided by 4 + (-1)/(11/6 - 2)?
7
What is the remainder when (18 - 14)*1 - (0 - 11555) is divided by 41?
38
Let x(p) = -2*p**2 - 13*p + 7. Let f be x(-7). Suppose f = -6*s + 44 + 64. What is the remainder when 26 is divided by s?
8
Let b(v) = -v**3 + 36*v**2 - 30*v + 964. What is the remainder when b(35) is divided by 10?
9
Let u(i) = 46*i + 61. Let d be u(4). Let x = 399 - d. Calculate the remainder when x is divided by 41.
31
Suppose 0 = -i + 122*k - 118*k + 108, 5*k + 237 = 2*i. Calculate the remainder when 192 is divided by i.
56
Let h = 3442 + -3353. What is the remainder when 530 is divided by h?
85
Let l = -353 + 226. Let b = -62 - l. Let r = -25 + b. What is the remainder when r is divided by 13?
1
Suppose -407 = -10*i + 363. Let x(q) = 3*q**2 - 16*q - 4. What is the remainder when x(-5) is divided by i?
74
Let p(y) = 58*y - 40. Suppose -2*m = 5*w - 9, -2*m - 5 = -5*w - 4. Calculate the remainder when 555 is divided by p(w).
15
Let d(p) = 6*p + 593. Calculate the remainder when d(-19) is divided by 36.
11
Suppose -2*t + 1390 = 4*k, 697 = -2626*k + 2628*k - t. Calculate the remainder when 837 is divided by k.
141
Let i(n) = -10*n + 26. Let q be i(-20). Suppose q*w + 498 = 232*w. Calculate the remainder when w is divided by 29.
25
Suppose p = 3*w + 54, -6*p + 9*p = -3*w + 126. Let r be (1/(-3))/((-3)/18). What is the remainder when p is divided by r/(-4)*-2 + 23?
21
Let d = 6024 - 5084. What is the remainder when d is divided by 46?
20
Let t(q) = 11*q**2 - 34*q - 921. Calculate the remainder when t(-17) is divided by 25.
11
Let n(q) = -9*q + 15. Let c be n(-4). Suppose -27 = -2*x - 11. What is the remainder when 180/(-2)*(-17)/c is divided by x?
6
Let h = 66456 + -66396. Let v(i) = 31*i**3 + i**2 - 2*i + 1. What is the remainder when h is divided by v(1)?
29
Let b = -93 + 102. Suppose -b*j = -2*j - 84. What is the remainder when 59 is divided by j?
11
Suppose -4*u + 115 = -33. Suppose 5*q + 5*l = -60, -2*q + l = 4*l + 28. Calculate the remainder when u is divided by (q + (-340)/(-30))/((-1)/(-3)).
7
Let m = -276 - -3171. Calculate the remainder when m is divided by 9.
6
Let u(p) = p**2 - 57*p + 1518. Calculate the remainder when 719 is divided by u(27).
11
What is the remainder when (26/(-221) + 2094/170 + -5)*60 is divided by 161?
110
Let o(x) = x**3 - 73*x**2 - 81*x + 528. Calculate the remainder when 683 is divided by o(74).
3
Let w be 4 - 7 - (-21)/3. What is the remainder when 81 is divided by ((-10)/(-3))/(w + 335/(-90))?
9
Suppose -20 - 10 = -5*j. Suppose 